 + 4*m**2 + 24*m - 25. Let i(g) be the first derivative of r(g). What is the tens digit of i(-2)?
6
Suppose -8*x + 687 = -8809. Suppose 1 = 11*g - x. What is the units digit of g?
8
Let m be (-14503)/3*90/(10 + 5). What is the tens digit of 70/525 + m/(-30)?
6
Let v = -10660 - -25030. What is the thousands digit of v?
4
Suppose -13*c + 862408 = 79*c. What is the hundreds digit of c?
3
Suppose -n + 899 + 5159 = 0. What is the thousands digit of n?
6
What is the thousands digit of (8*(-40026)/(-36))/(2/3)?
3
Let w = 156994 + -93519. What is the tens digit of w?
7
Suppose 3*r - 9 = 0, -2*z = -z + r - 5. Suppose -5*l = 0, -4*v - 3*l + 0*l = -236. Suppose z*d - v + 47 = 0. What is the units digit of d?
6
Let b(g) = 8*g + g**2 - 21*g + 23*g + 10 + 17. Let l be b(-7). Suppose -49 = l*y - 817. What is the units digit of y?
8
Let i be (1 - 2)*(-48 + -2)/(-5). Let u be 0*(i/15)/(-1 + 3). Let c(f) = -3*f + 65. What is the tens digit of c(u)?
6
Let t be (-65)/(-15) - 10/(-15). Let z(d) be the first derivative of 29*d**2 - 53*d - 2. What is the tens digit of z(t)?
3
Let d = -17370 - -26671. What is the hundreds digit of d?
3
Suppose -42*l = -2145774 + 196512. What is the hundreds digit of l?
4
Suppose -44*w = -2*k - 42*w + 29678, 59324 = 4*k + 4*w. What is the thousands digit of k?
4
Let f(o) = -2*o**2 - 3*o + 2. Let w be f(0). Suppose q = w*k - 98, -5*q = 2*k - 3*q - 86. What is the tens digit of k?
4
Suppose -26 = -13*m - 0*m. Suppose 3*p - 3580 = -2*p. Suppose m*f + 2*k - 290 = -k, -5*f - 3*k = -p. What is the hundreds digit of f?
1
Let q = -52 - 730. What is the tens digit of q/(-8) - 16/(-64)?
9
Suppose -5*o + 5*l = 180, 0 = o - 0*o + 4*l + 21. Let v = o + 37. Suppose 56 = 6*p - v*p. What is the units digit of p?
8
What is the tens digit of 277461/(-27)*((-15)/3 - -2)?
2
Let u(g) = -g**3 - 8*g**2 - 11*g + 11. Let f be u(-6). Suppose -f*q = -0*q - 0*q. Let z(c) = -3*c + 78. What is the tens digit of z(q)?
7
Let p(q) = 7*q + 23. Let u(x) = 1. Let k(n) = p(n) - 6*u(n). Let r be k(6). Suppose 4 = -5*g + r. What is the units digit of g?
1
What is the units digit of (78/(-36) + (-4)/(-6))/((-9)/214482)?
7
Suppose -m + 8 - 5 = 0. Let k(y) = -10 + 9*y + y**2 + 18*y**2 - y**2 + y**m. What is the tens digit of k(-17)?
2
Let t = -216 + 216. Suppose 3*b - 24*b + 1050 = t. What is the units digit of b?
0
Let c be (-3)/(-2 + -7) + (-7282)/(-6). Let f = c - 849. What is the units digit of f?
5
Let d = 75 - 147. Let s = 76 + d. Suppose -t - m - s*m = -83, -t + 3*m = -99. What is the tens digit of t?
9
Let c = 7745 + -2278. Suppose 10*y = -y + c. What is the hundreds digit of y?
4
Let g = -47 + 48. Let y be g*-3*(-20)/30 + 178. Let s = y + -71. What is the tens digit of s?
0
Suppose -24*q + 2125921 = 566569. What is the tens digit of q?
7
Suppose -10*g = -9*g - 3*u - 5644, 5*g + 4*u - 28353 = 0. What is the tens digit of g?
6
What is the hundreds digit of (-1 + 71)/((295/210)/59)?
9
Let p(y) be the second derivative of -2*y**2 + 15*y + 1/2*y**4 + 0 + 2/3*y**3. What is the tens digit of p(-4)?
7
Suppose 0*t = -5*t + 5*q - 75, 3*t = -4*q - 24. Let j be (71 - 3)*t/(-8). Suppose l + 3*x = 66 + 44, l + 5*x = j. What is the units digit of l?
2
Let f be (-18)/((-4 - -5)*9/12). Let i = f + -75. Let q = 241 + i. What is the tens digit of q?
4
Let q(j) = j**3 + 10*j**2 + 12*j + 14. Let m be q(-9). Let u(a) be the first derivative of a**4/4 + 5*a**3 + 5*a**2/2 - 2. What is the hundreds digit of u(m)?
2
What is the ten thousands digit of ((-4)/10 + 29561/15)/(383/6894)?
3
Let i = 17 + -77. Let g = i - -213. What is the tens digit of g?
5
Let i(w) = w**2 + 18*w - 176. Suppose 18*p - 39 = 19*p. What is the tens digit of i(p)?
4
Let d(k) = 6*k**2 - 91*k + 39. Let m(l) = 3*l**2 - 46*l + 20. Let a(j) = 4*d(j) - 7*m(j). What is the tens digit of a(15)?
6
Let y = -5 + 7. Suppose 0 = -y*k - 0*k + 4. What is the hundreds digit of -125*(k - (-42)/(-15))?
1
Let s = 128 - 117. Suppose -i + s = -0*i. Let g = 65 + i. What is the tens digit of g?
7
Suppose 4*w = 4*i - i + 8952, 11190 = 5*w + 3*i. What is the hundreds digit of w?
2
Let z(k) = k**2 - 36*k + 27631. What is the thousands digit of z(0)?
7
What is the units digit of 343740/150*(20/28)/((-10)/(-35))?
9
Suppose 60*o = -22814 + 552554. What is the hundreds digit of o?
8
Suppose 0 = -56*i + 61*i + 700. Let w = -140 - i. Suppose 5*l + l - 162 = w. What is the tens digit of l?
2
Let g = -40 + 1072. Suppose 6*f - 348 - g = 0. What is the units digit of f?
0
Suppose 38*m - 95885 = -21329. Let q = 3482 - m. What is the units digit of q?
0
Let v = -55 - -54. Let q be 2/6*v*-9. Suppose -k - 22 = -n + k, q*n + 4*k = 66. What is the tens digit of n?
2
Let t = 63 + -307. Let c = t - -395. What is the units digit of c?
1
Let c = 0 + 3. Let o = -905 + 903. What is the tens digit of 95*(c + (o - 0/(-4)))?
9
Let d(o) = o + 8. Let q be d(-13). Let b be q/(-5*2/(-40)). What is the tens digit of 3050/b*4/(-10)?
6
Let v be 3748320/2223 - -2*(-1)/13. Let b = -420 + v. What is the units digit of b?
6
Suppose -3*v + 61526 = 5*f, -4*f - 39573 = -3*v + 21998. What is the ten thousands digit of v?
2
Let b = 5193 + 19199. What is the ten thousands digit of b?
2
Suppose 9*h + 43*h - 1425164 = 0. What is the hundreds digit of h?
4
What is the hundreds digit of 10/18*(-10 + 13)*12687?
1
Let h(u) = -10 - 19*u**2 + 1 - u + 50*u**2. What is the hundreds digit of h(3)?
2
What is the thousands digit of -1*9 + (9240 - 52)?
9
Let a be (27/(-4))/((-36)/240). Suppose -46*k = -a*k - 508. What is the tens digit of k?
0
Let l(t) = -4*t**3 - 9*t**2 + t. Let b(g) = 3*g**3 + 8*g**2 + 1. Let u(x) = -3*b(x) - 2*l(x). Let k be u(-7). Suppose k = p - 6. What is the units digit of p?
6
Let h(v) = -3*v - 26. Let b be h(-23). Let p = 147 + b. What is the tens digit of p?
9
Suppose 2*z = -0*z + 5*b + 1099, -3*z + b + 1655 = 0. Let p = 17043 - 17327. Let s = p + z. What is the tens digit of s?
6
Let j(a) = 5*a**2 - 3*a + 6. Let b be j(3). Suppose 0 = -9*p + 6*p + b. Suppose -p - 201 = -5*n. What is the tens digit of n?
4
Let y(m) = 4*m**3 + m**2 + 3*m + 31. Let f(q) = q**3 + q. Let r(d) = -3*f(d) + y(d). Let z be (96/(-8) - -2) + 10. What is the tens digit of r(z)?
3
Let c be -1*(-273 + -3 + 2). Suppose c = -2*p - p - d, -5*p - d - 460 = 0. Let r = p - -168. What is the units digit of r?
5
What is the hundreds digit of (-74)/222 + (-76507)/(-3)?
5
Let h(v) = v - 1. Let j(i) = 116*i - 56. Let q(y) = -39*y + 19. Let b(f) = -5*j(f) - 16*q(f). Let c(u) = -b(u) + 12*h(u). What is the units digit of c(-7)?
6
Let l(f) = -735*f + 14*f + 1 - 28 - 335*f - 578*f. What is the units digit of l(-1)?
7
Suppose -5*i + 5*p - 2770 = 0, 3*i + 1702 = -6*p + p. Let k = i + 1401. What is the tens digit of k?
4
Suppose -732*o + 755*o = 108307. What is the thousands digit of o?
4
Let u(q) = -273*q + 3. Let j = -31 - -32. Let x be u(j). What is the tens digit of ((-92)/(-10))/((-18)/x)?
3
Let u be (-52)/8*(-1 + 3). Let v = u + 18. Suppose 3*y = -2*g - 132 + 360, -3*y + v*g = -228. What is the units digit of y?
6
Let q = 105 - 90. Let w(i) = 2*i**2 - i + 12. Let o be w(q). Let t = -266 + o. What is the tens digit of t?
8
Let i be 27/2*(-20)/(-15) + -2. Let p(f) = f**3 - 15*f**2 + 7*f + 11. What is the units digit of p(i)?
9
Suppose -966662 = -423*d + 109*d + 17539242. What is the hundreds digit of d?
9
Suppose -1680 = -5*d - d. Let b = 466 - d. What is the hundreds digit of b?
1
Suppose 3*w - 3*t - 5652 = 0, -56*t = 5*w - 54*t - 9385. What is the hundreds digit of w?
8
Let s = -106 - -108. What is the units digit of (14 - 37)*s/(-2)?
3
Suppose 72 = -29*m + 27*m. What is the thousands digit of 182/(1/m*-6)?
1
Suppose 6*z - 5*z = 0, -3*x - 5*z + 97809 = 0. What is the ten thousands digit of x?
3
Suppose 4*v + v = 0. Suppose v = -b - o + 192, -o + 572 = -8*b + 11*b. What is the tens digit of b?
9
Suppose -10*f + 218 + 312 = 0. Suppose 0 = -9*h + f - 359. Let a = h + 90. What is the tens digit of a?
5
Let v be (16/24)/((-6)/639). Let h = -63 - v. What is the tens digit of (-2)/(-2) + 27*h + 0?
1
Let f be (36/19 - 0) + 2/19. Suppose 5*g + 209 = 5*c - 396, -f*c = 5*g - 242. What is the units digit of c?
1
Suppose 22*s - 24 = 86. Suppose 4*p - s*g - 624 = 472, -2*p = 4*g - 574. What is the units digit of p?
9
Let g 